5. Suppose q*a = -3*n - 24, -5*a + 6*a - 17 = 4*n. List the prime factors of 143/((a - -7) + (-3)/1).
11, 13
What are the prime factors of 148424/10 + -2*(-4)/(-20)?
2, 41, 181
Suppose -10*t - 4 = -14*t, 0 = -r - t + 7. List the prime factors of (-4)/r - (-1936)/24.
2, 5
Suppose 4*a = 5*a - 4. Let c(w) = w**3 - a*w - 3 + 11*w**2 - 2*w + 5*w**2 - 8. List the prime factors of c(-16).
5, 17
Let a = 54242 - 18242. List the prime factors of a.
2, 3, 5
Suppose 42 = -5*y + 32. List the prime factors of (387/y + 4 + -1)*-2.
3, 127
Suppose 31*m = 23*m + 16. Let y be m/(-3)*(91/14 - 8). Let i(r) = 234*r**2 - 4*r + 3. List the prime factors of i(y).
233
Suppose 24*y = 11*y + 143. Suppose -8*n + y*n = 1053. What are the prime factors of n?
3, 13
Suppose -12863 = -10*v + 8527. What are the prime factors of v?
3, 23, 31
Suppose -15*j - j = -180272. List the prime factors of j.
19, 593
List the prime factors of 2*3 + (-3)/(-5) + 251209/35.
2, 449
Let r(i) = -45*i + 22. Suppose 2*f + 6 = 2*y, -5*f + 2*y - 21 = 3*y. What are the prime factors of r(f)?
2, 101
Let p be 1/(1/(-1*(-85 - -2))). Suppose 125 - p = -7*m. List the prime factors of 171/12 - m/(-24).
2, 7
Let v(b) = -6772*b + 1424. List the prime factors of v(-2).
2, 1871
Let i(w) = w**3 - 9*w**2 - 10*w + 7. Let g be i(10). Suppose g*q - 4 = 9*q. What are the prime factors of q*(-2)/(-16) + 1506/8?
2, 47
What are the prime factors of ((-625)/375)/((-15)/509526)?
2, 28307
Let y = 6574 + -3556. Suppose -y = -21*n + 16428. List the prime factors of n.
2, 463
Let v = 497 + -492. Suppose 0*i = 4*i + 3*n - 731, n - 900 = -v*i. What are the prime factors of i?
179
Suppose 3*g + 25 = 8*g. Let o(t) = 4*t**2 + 11*t - 77. List the prime factors of o(g).
2, 3, 13
Let p = 31087 - 20503. List the prime factors of p.
2, 3, 7
Let s = -75 - -44. Let t = -31 - s. Suppose -r - 89 + 110 = t. What are the prime factors of r?
3, 7
Suppose 5*s - 10746 - 2529 = 0. Suppose 0 = -7*z + 12*z - s. List the prime factors of z.
3, 59
Let p be (-8)/28 - 200/(-14). Let o = -11 - p. Let t = -17 - o. List the prime factors of t.
2
Suppose -244*x + 256*x - 18000 = 0. What are the prime factors of x?
2, 3, 5
Let y = -475 - -496. Suppose 0 = -y*n - 2*n + 4669. List the prime factors of n.
7, 29
Let b(g) = 101*g**2 + 33*g + 263. What are the prime factors of b(-6)?
3701
Let d(t) = t**2 - 65*t + 495. List the prime factors of d(79).
1601
Let k(s) = 4*s**2 + 8*s - 9. Let p be -6 - (-1 - -2) - (-8 - -9). Let u be k(p). Suppose -u = 5*c - f - 560, 5*f = 15. What are the prime factors of c?
2, 19
Let d be 4*(4 - (-4495)/20). Let p = d - -127. What are the prime factors of p?
2, 521
Suppose -5*f = -3*f - 210. Let n be f/(-10)*80/3. Let w = 451 + n. What are the prime factors of w?
3, 19
Let x = 12672 - 6599. List the prime factors of x.
6073
Let q(n) = n**3 + 58*n**2 - 137*n + 85. List the prime factors of q(-42).
23, 1481
Suppose 5*g - 4768 = 9912. List the prime factors of g.
2, 367
Suppose 11*k - 6134 = -128. Suppose 0 = -437*u + 439*u - k. What are the prime factors of u?
3, 7, 13
What are the prime factors of 4 + 0 - (33/((-165)/101800) + -1)?
5, 4073
Suppose 23 - 22 = -u. What are the prime factors of (u/1 - -230) + (-28)/(-7)?
233
Let x = 2210 - -5973. What are the prime factors of x?
7, 167
Let k = 13216 + 12136. What are the prime factors of k?
2, 3169
Let a be (5 + -8)/(6/1168). Let o = 986 + a. What are the prime factors of o?
2, 3, 67
Let v = -3601 - -6252. What are the prime factors of v?
11, 241
Suppose 0 = 2*o - 3*n + n - 4966, 0 = -3*o - 4*n + 7421. What are the prime factors of o?
37, 67
Let c = -73 + 122. Suppose -i = l - 55, i + 4*i = l - c. Let o = 248 - l. What are the prime factors of o?
2, 97
Let b(j) = -209*j - 17. Let k be b(2). Let p be (k/21)/(-5) + 1/(-7). Suppose 0 = 5*h - x - 641, -2*h - p*x + 636 = 3*h. What are the prime factors of h?
2
Suppose 50 = 9*y + 14. Suppose 0 = -y*h + 216 + 560. Suppose -92 = -4*f + 2*f - 3*c, 4*f + c - h = 0. List the prime factors of f.
7
Let s(t) = 642*t - 2534. List the prime factors of s(24).
2, 41, 157
Let t be 1*(-52)/(-8)*-6. Let z = t + 44. Suppose -z*y = -2*l - 150, -y = 2*l + 2*l - 30. List the prime factors of y.
2, 3, 5
Let c be (4757 - -3)/(3*7/42). Suppose -c = -382*d + 377*d. List the prime factors of d.
2, 7, 17
Let p be 1350/70 - (16/7 - 2). Suppose p = 2*s + 15. List the prime factors of 158/s - 30/(-10).
2, 41
Let h be ((-12)/(-18))/(4/(-186)). Let u = 32 + h. Suppose -o = -23 - u. List the prime factors of o.
2, 3
Suppose -3*t + i = -48143, 0*t = 5*t - 3*i - 80233. List the prime factors of t.
11, 1459
Let p = 9367 - 1087. List the prime factors of p.
2, 3, 5, 23
Let n = 28590 + -16415. List the prime factors of n.
5, 487
Suppose z + 83*y = 82*y + 3554, y - 7113 = -2*z. List the prime factors of z.
3559
Let x(c) = -33*c + 46. Let w be x(-24). Suppose w = 7*j - 1976. What are the prime factors of j?
2, 3, 67
Suppose -21*k = -165227 - 227179. What are the prime factors of k?
2, 9343
Suppose -f + 2*f = 5, 2*u - 50 = -4*f. What are the prime factors of (5088/u)/(32/80)?
2, 53
Suppose 5*h - 3*j = 68397, 4*j - 17 = 7. List the prime factors of h.
3, 4561
Suppose -194*y + 3736575 = 31*y. What are the prime factors of y?
16607
Suppose 14411 = 5*b - a, -5*b + 14417 = -3*a + a. List the prime factors of b.
43, 67
Let a = -304 - -284. List the prime factors of 1570/(16/a - (-84)/30).
5, 157
What are the prime factors of (-1145221)/(-110) - -5 - (-2)/(-20)?
2, 3, 7, 31
Let f(v) be the first derivative of -v**4/4 + 2*v**3/3 + 20*v**2 - 16*v + 61. What are the prime factors of f(7)?
19
Let j(n) = 1267*n + 580. What are the prime factors of j(6)?
2, 4091
Let n(o) = 2*o**2 + 2*o + 1. Let b(u) = 364*u**3 - 13*u**2 - 9*u - 2. Let m(z) = -b(z) - 5*n(z). List the prime factors of m(-1).
5, 73
Suppose -25*o + 20*o + 12530 = 0. Suppose 2*h + 15*k - o = 11*k, -3*h + 3814 = -5*k. List the prime factors of h.
3, 421
Let k(s) be the second derivative of 1/6*s**3 - 5/12*s**4 + 0 - 16*s + 3/2*s**2 + 7/20*s**5. List the prime factors of k(3).
2, 3, 5
Suppose -287*h + 296*h - 5337 = 0. Let d = h - 311. What are the prime factors of d?
2, 3, 47
Let i = -27 + 27. Suppose 2*c + 100 = 7*c. Suppose b + i*b = c. What are the prime factors of b?
2, 5
Let u = 242 - 250. Suppose 3*f + 3*q - 480 = 0, -2*f - q + 29 = -289. Let t = f - u. List the prime factors of t.
2, 83
Suppose u + 5*r + 2 = 0, 2*u + 2*r + 3*r = 1. Suppose 4*x - o = 2*x + 1899, u*x - 2846 = -o. List the prime factors of x.
13, 73
What are the prime factors of (25*418/55)/((-2 - -5)/3)?
2, 5, 19
What are the prime factors of 17/((-259)/(-1887)*(-3)/(-189))?
3, 17
Let k(a) = -17*a**3 + a**2 + 28*a + 12. List the prime factors of k(-7).
2, 89
Suppose x = -4*r + 1582, 739*x = 735*x - 2*r + 6342. What are the prime factors of x?
2, 13, 61
Let y(f) = -f + 12. Let s be y(7). Suppose 0 = s*g + 23 - 108. Suppose -2*h + 4*x + 25 + g = 0, 5*h - 105 = 2*x. What are the prime factors of h?
3, 7
Let c be 6/(11 - 5) - -4. Suppose 7*k = 10*k - o - 810, c*o + 270 = k. What are the prime factors of k?
2, 3, 5
Let d be 10/(-95) - (-176936)/76. Suppose -8*z - d = -16*z. What are the prime factors of z?
3, 97
Suppose 425*w - 243615 = 410*w. List the prime factors of w.
109, 149
Let i(n) = -7*n**2 - 11*n - 20. Let s(z) = z**3 + 15*z**2 + 22*z + 41. Let c(o) = -5*i(o) - 2*s(o). List the prime factors of c(-4).
2, 7, 13
Let s be 0 - -24 - (3 - 0 - 0). Suppose -285 = -g + 5*v, -3*g - v + 5*v = -822. Suppose -s*z = -19*z - g. List the prime factors of z.
3, 5
Let h = -21 - -2063. Suppose 3*l - 5702 + h = 0. What are the prime factors of l?
2, 5, 61
Let i = 5292 - -2564. What are the prime factors of i?
2, 491
Suppose 5*v - 41022 = 66148. List the prime factors of v.
2, 7, 1531
What are the prime factors of 1368500/49 - ((-1040)/56)/13?
2, 3, 5, 7, 19
Let o = -204 - -211. List the prime factors of (o - 75/12)/((-2)/(-1320)).
3, 5, 11
Let h(z) = 38*z**2 + z + 3. Let x be h(-3). Let k be (-1 + 1/2)*-348. Let l = x - k. What are the prime factors of l?
2, 3, 7
Suppose 42168 = -54*m + 61*m. List the prime factors of m.
2, 3, 251
Let s = 1027 - 1031. Let a(g) = -4*g + 11*g + 5*g**2 + 0*g**2 + 6. List the prime factors of a(s).
2, 29
Suppose 0 = -4*g - 302 + 50. Let q 